
567704
Convert -1154506 (base 7) to base 12.
-71844
-1212031100 (base 4) to base 3
-210021021012
Convert 225570 (base 11) to base 5.
42434341
Convert -10100011110011 (base 2) to base 10.
-10483
25bb78 (base 12) to base 10
622028
Convert 5b0e12 (base 15) to base 5.
2103410132
5a4179 (base 13) to base 16
20d2dc
What is 132011332233 (base 4) in base 9?
15753370
13002111242 (base 5) to base 4
323233102211
-3214321 (base 6) to base 5
-20022201
Convert 285611 (base 10) to base 14.
7612b
Convert -63b984 (base 14) to base 15.
-469ba6
What is 34636067 (base 8) in base 7?
121122440
What is 225a45 (base 12) in base 9?
1026408
What is -209604 (base 12) in base 9?
-863164
9a98a (base 11) to base 5
14140031
-151300435 (base 7) to base 2
-100110010101110011111000
1283250 (base 9) to base 14
1449db
Convert -7392 (base 14) to base 9.
-30287
-d4376 (base 14) to base 6
-14542032
Convert -8179b (base 12) to base 6.
-3341115
What is 52a512 (base 11) in base 8?
3171121
1111100000101000101 (base 2) to base 12
206145
What is -dde21 (base 15) in base 4?
-2230022131
What is 1bd281 (base 15) in base 8?
5141470
1904a (base 16) to base 7
604521
What is -1833801 (base 10) in base 5?
-432140201
Convert 110ac5 (base 13) to base 4.
1202010221
What is 10140435 (base 8) in base 12?
8762a5
What is -45002366 (base 7) in base 2?
-1110110100000100100010
Convert 2300082 (base 9) to base 16.
12ec27
Convert 232144 (base 7) to base 6.
520304
What is 98fa06 (base 16) in base 15?
d307a3
What is -42178 (base 9) in base 5?
-1342404
What is -d7a195 (base 15) in base 10?
-10260365
What is 1217546 (base 9) in base 16?
a1892
-22133531 (base 8) to base 15
-64201e
-4530311 (base 6) to base 5
-24321012
Convert 10136b (base 13) to base 5.
43432321
Convert -201301210 (base 4) to base 6.
-2544244
1140552 (base 9) to base 6
21121202
-110011110010000 (base 2) to base 5
-1322022
What is 1011344410 (base 5) in base 6?
112050015
What is -130201013 (base 5) in base 14?
-12614b
-312402410 (base 5) to base 7
-13666621
34411130 (base 5) to base 15
61d7a
Convert 443215 (base 10) to base 11.
282aa3
What is 101010112010 (base 3) in base 9?
333463
What is 202001110220 (base 3) in base 11?
24a632
28167 (base 12) to base 11
38792
Convert 6137545 (base 9) to base 12.
111a07b
What is -3760d (base 15) in base 13?
-6266b
Convert 568fb (base 16) to base 12.
151223
What is 40072 (base 8) in base 10?
16442
Convert 11021200101122 (base 3) to base 9.
4250348
Convert 125835 (base 9) to base 6.
1350052
Convert -13adc4 (base 14) to base 6.
-22351040
Convert -10402021 (base 7) to base 5.
-212011342
Convert -dc08c (base 15) to base 7.
-5640123
Convert -233943 (base 10) to base 9.
-385816
Convert -36372b (base 14) to base 12.
-754837
Convert -4a3c (base 15) to base 3.
-210200110
Convert 410849 (base 15) to base 7.
35156505
-e5b8d (base 16) to base 12
-394639
What is -30202035 (base 7) in base 16?
-2638fb
-101001001111010100 (base 2) to base 12
-81904
Convert 243210114 (base 5) to base 15.
17a024
What is 27ca6 (base 13) in base 9?
123371
What is 2597893 (base 10) in base 4?
21322100011
What is 3012100000 (base 4) in base 5?
201441112
234233012 (base 5) to base 9
2035518
10111001110001000011 (base 2) to base 14
15b41d
Convert 1267677 (base 8) to base 6.
11345251
Convert -74cd53 (base 14) to base 10.
-3953981
Convert 1001000101010010000 (base 2) to base 11.
193670
-4366021 (base 7) to base 3
-1000022022021
Convert 2642463 (base 7) to base 5.
42043141
-242113 (base 11) to base 2
-1011101100111100111
What is -2494b (base 13) in base 16?
-107a6
Convert 237b6 (base 15) to base 3.
12202011200
100314221 (base 5) to base 14
a62c2
Convert -22 (base 6) to base 16.
-e
Convert -be7e6 (base 16) to base 3.
-1110122022121
1105841 (base 9) to base 10
594820
What is 2673a2 (base 11) in base 15?
8457a
13868388 (base 9) to base 14
cb6b89
26a61 (base 13) to base 15
1654d
Convert 3353753 (base 13) to base 2.
111100000011111110111001
Convert 30493 (base 11) to base 13.
1734a
11100001000111101010 (base 2) to base 14
1a0078
What is 3131331030 (base 4) in base 3?
1201012002120
Convert 1c16d (base 15) to base 11.
6278a
62174757 (base 8) to base 12
44b2267
What is -5717471 (base 8) in base 11?
-968114
4d5b (base 15) to base 3
211122112
-2118699 (base 10) to base 8
-10052053
141232401 (base 5) to base 16
b18ba
Convert 100000010000101111 (base 2) to base 12.
6457b
What is 202100021210222 (base 3) in base 16?
a4f90f
What is 352061 (base 7) in base 6?
1204215
-13165 (base 12) to base 3
-1022212012
Convert -1001110111101000 (base 2) to base 16.
-9de8
What is -101111212201 (base 3) in base 4?
-302201203
What is 2200201010 (base 3) in base 15?
10a89
583191 (base 10) to base 13
1755ab
What is 373362 (base 9) in base 5?
24204220
-2b824 (base 16) to base 11
-111991
Convert 212210020101200 (base 3) to base 13.
2807a90
Convert -15345641 (base 8) to base 7.
-41652351
Convert 2002211022 (base 3) to base 11.
29140
What is 160635010 (base 7) in base 4?
221100211102
Convert 3300230 (base 5) to base 7.
323120
What is 3b838 (base 13) in base 5?
12024444
-13ba7 (base 13) to base 4
-21010130
What is -121424 (base 5) in base 2?
-1001000000110
Convert -1770742 (base 10) to base 8.
-6602366
What is -122101101 (base 3) in base 4?
-3012001
1121220211200 (base 3) to base 16
d30dd
-201211133 (base 4) to base 11
-943a1
What is -33a880 (base 12) in base 2?
-11001001111101100000
What is 31441055 (base 6) in base 9?
1656108
Convert -202110200 (base 4) to base 14.
-39332
Convert -520023152 (base 6) to base 2.
-100010001011110011101100
Convert -12bb849 (base 12) to base 10.
-3731961
Convert 1100101111011111101 (base 2) to base 14.
ac23b
Convert 114022443 (base 5) to base 10.
532873
Convert -3610236 (base 7) to base 14.
-bc41d
Convert 1c4d8 (base 16) to base 12.
57108
1102111241 (base 5) to base 13
653a7b
Convert -1440021114 (base 5) to base 14.
-719862
Convert -576450 (base 9) to base 3.
-122120111200
What is 96248 (base 10) in base 8?
273770
Convert -1200a2 (base 15) to base 6.
-30241025
6ab6 (base 16) to base 6
330250
What is -11226145 (base 7) in base 9?
-1755631
What is -5300527 (base 10) in base 9?
-10867854
-201301321 (base 5) to base 16
-c4e3d
-10032123 (base 5) to base 3
-11002010122
-111233103132 (base 4) to base 16
-56f4de
What is -1110111010100001 (base 2) in base 10?
-61089
What is -1d51cd (base 16) in base 13?
-523797
Convert 78065a9 (base 11) to base 3.
221202221012000
What is 11111211101020 (base 3) in base 4?
21021130011
What is 104507b (base 12) in base 11?
1812326
What is -22402201 (base 6) in base 10?
-684793
Convert -1000101011010110 (base 2) to base 12.
-1869a
What is -111013013 (base 4) in base 10?
-86471
Convert 3222700 (base 8) to base 4.
3102113000
What is 132441 (base 7) in base 10?
24921
What is 20235604 (base 8) in base 12?
1522004
2745004 (base 9) to base 11
939629
-217272 (base 12) to base 13
-157832
What is 244011122 (base 5) in base 9?
2153136
Convert -80101a (base 14) to base 4.
-100123013100
-39e7a6 (base 15) to base 2
-1010100111011000001011
64520 (base 10) to base 3
10021111122
-221202110 (base 4) to base 11
-106906
What is -1102013333 (base 4) in base 10?
-336383
Convert -d56c91 (base 15) to base 13.
-21440b0
What is 22021022221122 (base 3) in base 16?
431339
Convert 221161 (base 10) to base 13.
79885
-46775 (base 9) to base 8
-75025
What is -433093 (base 10) in base 11?
-276431
-100011101000212 (base 3) to base 2
-10010100100101110010110
What is -100201311 (base 5) in base 9?
-664621
Convert -310233 (base 8) to base 5.
-11240210
-12030123 (base 4) to base 14
-9363
What is 57a20 (base 11) in base 9?
136800
115124031 (base 6) to base 4
20122012303
84644 (base 15) to base 5
101414124
10ab01 (base 12) to base 9
447181
Convert 110011100110011010000000 (base 2) to base 3.
221110020002021
-ecbab (base 15) to base 14
-158022
-8c55 (base 13) to base 12
-b476
302624315 (base 7) to base 4
1003101320030
-12130203101 (base 4) to base 8
-6344321
-836740 (base 10) to base 14
-17ad12
What is 10722370 (base 8) in base 4?
20322103320
-1210200110201 (base 3) to base 7
-11100505
16a89 (base 11) to base 10
23934
What is -5458 (base 9) in base 11?
-3027
Convert 4034611 (base 7) to base 3.
220100201021
What is 376a9 (base 12) in base 14?
1d625
-561644 (base 7) to base 1